the units digit of 82376?
6
What is the hundred thousands digit of 135852?
1
What is the ten millions digit of 16041230?
1
What is the units digit of 806991?
1
What is the tens digit of 1532544?
4
What is the hundred thousands digit of 10285884?
2
What is the hundreds digit of 3777221?
2
What is the ten thousands digit of 793067?
9
What is the units digit of 1073460?
0
What is the units digit of 4703272?
2
What is the hundred thousands digit of 282928?
2
What is the units digit of 9423153?
3
What is the hundred thousands digit of 8180228?
1
What is the millions digit of 1039146?
1
What is the ten millions digit of 14656337?
1
What is the thousands digit of 14879108?
9
What is the units digit of 7411923?
3
What is the hundreds digit of 456388?
3
What is the ten millions digit of 26964314?
2
What is the hundred thousands digit of 8176664?
1
What is the ten thousands digit of 5578679?
7
What is the tens digit of 1765772?
7
What is the ten thousands digit of 32157?
3
What is the ten thousands digit of 7862110?
6
What is the hundreds digit of 220582?
5
What is the millions digit of 12009555?
2
What is the thousands digit of 1339235?
9
What is the ten thousands digit of 11926332?
2
What is the tens digit of 222480?
8
What is the hundreds digit of 14433360?
3
What is the thousands digit of 2114836?
4
What is the tens digit of 1148835?
3
What is the thousands digit of 2639929?
9
What is the units digit of 18177156?
6
What is the tens digit of 885154?
5
What is the hundred thousands digit of 386286?
3
What is the units digit of 505855?
5
What is the ten thousands digit of 11589426?
8
What is the units digit of 850992?
2
What is the ten thousands digit of 9145778?
4
What is the ten thousands digit of 16766411?
6
What is the hundreds digit of 1824351?
3
What is the thousands digit of 14664064?
4
What is the units digit of 481046?
6
What is the hundred thousands digit of 1401529?
4
What is the millions digit of 7858258?
7
What is the units digit of 74168?
8
What is the thousands digit of 35563?
5
What is the hundreds digit of 33659?
6
What is the units digit of 20881663?
3
What is the tens digit of 16056092?
9
What is the ten thousands digit of 269889?
6
What is the tens digit of 3589939?
3
What is the tens digit of 344823?
2
What is the hundreds digit of 301289?
2
What is the hundreds digit of 87347?
3
What is the units digit of 397728?
8
What is the units digit of 664361?
1
What is the hundreds digit of 51171?
1
What is the thousands digit of 39158?
9
What is the millions digit of 1324671?
1
What is the ten thousands digit of 72168?
7
What is the ten thousands digit of 1085545?
8
What is the ten thousands digit of 425887?
2
What is the tens digit of 229705?
0
What is the hundred thousands digit of 162944?
1
What is the tens digit of 32450571?
7
What is the units digit of 75393?
3
What is the units digit of 5140034?
4
What is the ten thousands digit of 494300?
9
What is the units digit of 243205?
5
What is the ten thousands digit of 454475?
5
What is the units digit of 1161434?
4
What is the tens digit of 369035?
3
What is the thousands digit of 1583302?
3
What is the millions digit of 1710468?
1
What is the thousands digit of 59490?
9
What is the thousands digit of 440673?
0
What is the hundreds digit of 4322982?
9
What is the ten thousands digit of 373904?
7
What is the hundred thousands digit of 472856?
4
What is the tens digit of 295100?
0
What is the ten thousands digit of 8892430?
9
What is the thousands digit of 8842994?
2
What is the thousands digit of 195304?
5
What is the hundred thousands digit of 2460112?
4
What is the ten thousands digit of 805085?
0
What is the millions digit of 13929241?
3
What is the hundred thousands digit of 1434566?
4
What is the thousands digit of 1312361?
2
What is the tens digit of 4789450?
5
What is the thousands digit of 101552?
1
What is the hundred thousands digit of 3292298?
2
What is the hundred thousands digit of 8978542?
9
What is the millions digit of 11584607?
1
What is the millions digit of 2174323?
2
What is the units digit of 56805?
5
What is the thousands digit of 857028?
7
What is the units digit of 6032269?
9
What is the tens digit of 91363?
6
What is the hundreds digit of 19264?
2
What is the hundred thousands digit of 253680?
2
What is the ten thousands digit of 164938?
6
What is the ten thousands digit of 5178583?
7
What is the thousands digit of 1410957?
0
What is the thousands digit of 3655225?
5
What is the ten thousands digit of 14632836?
3
What is the millions digit of 8782473?
8
What is the ten thousands digit of 13513?
1
What is the thousands digit of 838284?
8
What is the hundred thousands digit of 2298533?
2
What is the units digit of 468978?
8
What is the hundreds digit of 208783?
7
What is the ten thousands digit of 1424816?
2
What is the thousands digit of 1323279?
3
What is the ten thousands digit of 100087?
0
What is the tens digit of 259622?
2
What is the hundreds digit of 1508750?
7
What is the ten thousands digit of 70162?
7
What is the ten thousands digit of 44883?
4
What is the millions digit of 22158844?
2
What is the hundred thousands digit of 394338?
3
What is the hundreds digit of 17636154?
1
What is the thousands digit of 2457502?
7
What is the tens digit of 15194717?
1
What is the ten thousands digit of 8727453?
2
What is the thousands digit of 167869?
7
What is the ten thousands digit of 1653596?
5
What is the ten thousands digit of 1095512?
9
What is the units digit of 4145181?
1
What is the hundreds digit of 112496?
4
What is the millions digit of 7082468?
7
What is the units digit of 5432447?
7
What is the hundred thousands digit of 140763?
1
What is the ten thousands digit of 10345361?
4
What is the ten thousands digit of 852443?
5
What is the hundred thousands digit of 259388?
2
What is the hundred thousands digit of 223428?
2
What is the ten thousands digit of 25882?
2
What is the hundreds digit of 6573666?
6
What is the ten thousands digit of 1396200?
9
What is the ten thousands digit of 5964487?
6
What is the hundred thousands digit of 2967658?
9
What is the millions digit of 7113365?
7
What is the tens digit of 2710101?
0
What is the hundred thousands digit of 820181?
8
What is the units digit of 11959?
9
What is the thousands digit of 2142862?
2
What is the thousands digit of 30731655?
1
What is the thousands digit of 239213?
9
What is the hundred thousands digit of 215711?
2
What is the tens digit of 904558?
5
What is the ten thousands digit of 35027776?
2
What is the tens digit of 924369?
6
What is the hundreds digit of 197435?
4
What is the millions digit of 20430357?
0
What is the tens digit of 29595300?
0
What is the tens digit of 7320518?
1
What is the units digit of 1234235?
5
What is the hundred thousands digit of 1192644?
1
What is the tens digit of 892048?
4
What is the millions digit of 1356036?
1
What is the units digit of 15261717?
7
What is the thousands digit of 3248679?
8
What is the units digit of 24538841?
1
What is the units digit of 33476?
6
What is the thousands digit of 26920934?
0
What is the hundreds digit of 331199?
1
What is the ten thousands digit of 3098139?
9
What is the ten thousands digit of 15315?
1
What is the hundreds digit of 363403?
4
What is the units digit of 15750660?
0
What is the units digit of 9578800?
0
What is the units digit of 406188?
8
What is the tens digit of 60659?
5
What is the millions digit of 7038446?
7
What is the tens digit of 69014?
1
What is the thousands digit of 10212069?
2
What is the ten thousands digit of 3020736?
2
What is the ten thousands digit of 247368?
4
What is the units digit of 2808452?
2
What is the tens digit of 14561481?
8
What is the hundred thousands digit of 1583071?
5
What is the hundred thousands digit of 5107929?
1
What is the ten thousands digit of 64119?
6
What is the hundreds digit of 2105601?
6
What is the thousands digit of 2956340?
6
What is the hundred thousands digit of 4239840?
2
What is the ten thousands digit of 7394600?
9
What is the units digit of 449452?
2
What is the hundred thousands digit of 219506?
2
What is the tens digit of 459410?
1
What is the ten thousands digit of 858487?
5
What is the hundreds digit of 202451?
4
What is the ten thousands digit of 609842